5, what is -32203 + 343210?
311002
In base 9, what is -664023527 + -2?
-664023530
In base 15, what is 291608 - 3?
291605
In base 16, what is 158d7f0 + 5?
158d7f5
In base 12, what is -2a58 - -9982?
6b26
In base 15, what is 11 + -13497?
-13486
In base 2, what is 1110011010111110 + 1011100?
1110011100011010
In base 4, what is 1033211010 - -1202?
1033212212
In base 16, what is -2 + 24993f?
24993d
In base 6, what is -34242525 - 15?
-34242544
In base 15, what is 3809411 + -5?
380940b
In base 3, what is 11100002012 - -10121211?
11110201000
In base 5, what is -10144221310 + 3?
-10144221302
In base 6, what is 3 + -35515541545?
-35515541542
In base 4, what is 33130 + 10303031?
11002221
In base 9, what is -87823 - -1257?
-86555
In base 2, what is 1 - 1001010010100111001010100?
-1001010010100111001010011
In base 8, what is -25534043 + -5?
-25534050
In base 16, what is 2973f + 12?
29751
In base 15, what is -1811155d - 4?
-18111562
In base 13, what is 274 - 5a133?
-59b8c
In base 12, what is -78 - -1013b83?
1013b07
In base 6, what is -14202 - -422?
-13340
In base 11, what is 2362293 + -8?
2362286
In base 16, what is -1b - -ec20e2?
ec20c7
In base 5, what is 1033403 - 32004?
1001344
In base 7, what is 1 - 43631155?
-43631154
In base 5, what is 2400421 + -240434?
2104432
In base 8, what is -1 - 1770452?
-1770453
In base 5, what is 0 + -1043303320?
-1043303320
In base 12, what is 242 - 38a45?
-38803
In base 14, what is -264c61 + 6?
-264c59
In base 2, what is -101 + -100111011001111110000010?
-100111011001111110000111
In base 8, what is 226 - -575341?
575567
In base 2, what is -100101001000011 + -110100010?
-100101111100101
In base 15, what is -60a46a - -a?
-60a460
In base 9, what is 426662 + 41?
426713
In base 14, what is 10765 - 40?
10725
In base 8, what is -1350613 - 171?
-1351004
In base 14, what is -26676782 - 3?
-26676785
In base 9, what is 33114 + -281?
32723
In base 6, what is 13442030025 - 3?
13442030022
In base 7, what is -1 - -301652515?
301652514
In base 15, what is -dd27 + 6d0?
-d647
In base 14, what is -2 + -56d1adc?
-56d1b00
In base 2, what is -11001101000 + 11101101?
-10101111011
In base 7, what is -25544314 - 542?
-25545156
In base 8, what is -1231 - 61164?
-62415
In base 12, what is -42899 + 150?
-42749
In base 16, what is -16f + -4fc?
-66b
In base 14, what is 6b82 + 357b?
a31d
In base 2, what is 10110010001101000011 - 10000010?
10110010001011000001
In base 5, what is -213401421124 + -1?
-213401421130
In base 13, what is 2a6c40 - -30?
2a6c70
In base 4, what is 221121 - 33020?
122101
In base 10, what is -75 - -48927?
48852
In base 2, what is -11110001 - -1110110111011110011?
1110110111000000010
In base 9, what is -254876351 + 4?
-254876346
In base 6, what is -244344224 - 25?
-244344253
In base 2, what is -10101000111111110010100 + 1?
-10101000111111110010011
In base 3, what is 1012102100101010 + -11?
1012102100100222
In base 4, what is -1120320 - -2223210?
1102230
In base 7, what is 1235536360 - 0?
1235536360
In base 10, what is 822956 - 50?
822906
In base 13, what is 0 + 427bb61?
427bb61
In base 8, what is -12 - 4467011?
-4467023
In base 4, what is -1331 + -103232330?
-103300321
In base 14, what is -728 - 17a2?
-20ca
In base 14, what is -477d7 - 685?
-4807c
In base 9, what is -11703 - -101585?
78782
In base 5, what is 4 + 212004302?
212004311
In base 5, what is 33132311 + 2404?
33140220
In base 12, what is -5 - -8226ab82?
8226ab79
In base 12, what is 194b - -2194?
3b23
In base 11, what is 2840 + -36073?
-33333
In base 4, what is -1 + -303122202212?
-303122202213
In base 13, what is 1a78733 + 3?
1a78736
In base 2, what is -101011101100101011011101 + -100?
-101011101100101011100001
In base 9, what is 1 + 2167387?
2167388
In base 11, what is -19a35 - 234?
-1a169
In base 10, what is -34016 + -229?
-34245
In base 11, what is -1 + 417a495?
417a494
In base 3, what is -22100011011221 - -11?
-22100011011210
In base 3, what is -102022200120200 - 20?
-102022200120220
In base 14, what is c66d6 - -9?
c6701
In base 2, what is -1011110100001110111000 - -1101010?
-1011110100001101001110
In base 6, what is -4312353 - -1002?
-4311351
In base 6, what is 4 - 1015024413?
-1015024405
In base 2, what is -1000100011101 - -1001111000001?
1010100100
In base 14, what is -8073 + 1bd?
-7c94
In base 5, what is -242241104234 + 1?
-242241104233
In base 10, what is 47268527 + 0?
47268527
In base 7, what is 1 + -22064641?
-22064640
In base 2, what is -1111000111100 + -101000001100?
-10100001001000
In base 14, what is 493350 - -4?
493354
In base 11, what is -49a - 17a62?
-18451
In base 15, what is -acdb04 + 5?
-acdaee
In base 6, what is -121311 + -3441?
-125152
In base 15, what is -68cb - de?
-69ba
In base 4, what is -13001000 + 21003?
-12313331
In base 2, what is 10111000001011 + -1001110010?
10101110011001
In base 4, what is 0 + -110330011330003?
-110330011330003
In base 3, what is 212 - -2110210212222?
2110210220211
In base 12, what is 56417 - -2a7?
56702
In base 2, what is 101101000000001010111001 + 11110?
101101000000001011010111
In base 10, what is 57008421 - -2?
57008423
In base 3, what is 0 - -22022220200211102?
22022220200211102
In base 8, what is 1464 - -533311?
534775
In base 14, what is 3 - -32440d?
324412
In base 14, what is 5 - -2cbc7299?
2cbc72a0
In base 5, what is 104004311 + 12?
104004323
In base 3, what is -2201111 + -21201112?
-101110000
In base 9, what is 0 - 4071374?
-4071374
In base 7, what is -4 + 413306?
413302
In base 5, what is -13132 - -3100230?
3032043
In base 8, what is -20131 + -2675?
-23026
In base 11, what is -446693 + -2?
-446695
In base 14, what is 2b32d - -452?
2b781
In base 15, what is -4 + -990a457?
-990a45b
In base 5, what is 10220 + -1044411?
-1034141
In base 9, what is -806368 + 15?
-806353
In base 7, what is -33 - 3242034?
-3242100
In base 14, what is -290 + -52dc8?
-53278
In base 5, what is 10 + -241310422?
-241310412
In base 12, what is 2 - 368002?
-368000
In base 16, what is 10b96ab8 + 1?
10b96ab9
In base 9, what is 378650502 - -1?
378650503
In base 15, what is 487c + 26a?
4ae7
In base 5, what is -1334 - -302412300?
302410411
In base 8, what is 537 + -14056?
-13317
In base 7, what is 2 - 26103343?
-26103341
In base 8, what is 147304346 - -1?
147304347
In base 11, what is -1071 + -3aa76?
-41037
In base 2, what is 1 + 101011100101110001111001?
101011100101110001111010
In base 5, what is -10 - -1023011100?
1023011040
In base 10, what is -4 - -5895008?
5895004
In base 3, what is 120120010 - 101112222?
12000011
In base 6, what is -3323003433 + 2?
-3323003431
In base 14, what is -78d + d478?
cac9
In base 13, what is -1caa1b - 0?
-1caa1b
In base 5, what is -1302232 - -12103?
-1240124
In base 11, what is 4a2222 + 39?
4a2260
In base 4, what is -13012322212 - -11?
-13012322201
In base 3, what is -100110100 + 111111?
-22221212
In base 16, what is -35 - -ee08d?
ee058
In base 8, what is -10445 - -44535?
34070
In base 11, what is 340913785 - 2?
340913783
In base 15, what is 4dca - -445?
5320
In base 6, what is -10 + -1242243103?
-1242243113
In base 3, what is 1000221110 - 11212?
1000202121
In base 10, what is -25857 + -373?
-26230
In base 9, what is -12142 + 1418?
-10623
In base 3, what is -120002101 - -21211010?
-21021021
In base 4, what is 301002 - 100331003?
-100030001
In base 4, what is 3233011222 - -2021?
3233013303
In base 13, what is 2 - -cab58c?
cab591
In base 16, what is 90 + 3f500?
3f590
In base 4, what is 1223023221312120 + 1?
1223023221312121
In base 8, what is -555 + 12556?
12001
In base 6, what is 2 + 354000503?
354000505
In base 7, what is 46626 + 266?
50225
In base 3, what is 202201222221122 - -10?
202201222221202
In base 14, what is -2601205 + -13?
-2601218
In base 10, what is 3211910 - -69?
3211979
In base 3, what is 2220112021 + 2020?
2220121111
In base 3, what is 11202112122 - -212?
11202120111
In base 10, what is 174841 + 22?
174863
In base 14, what is -14a39 + c3?
-14956
In base 5, what is -2 + -314143123?
-314143130
In base 13, what is 5a24a + -57?
5a1c3
In base 10, what is 6893107 + 13?
6893120
In base 16, what is -32 - -1104db?
1104a9
In base 3, what is 11001000221 - -2100?
11001010021
In base 14, what is 22c50c - 19?
22c4d3
In base 12, what is -238714a + 18?
-2387132
In base 9, what is 7818871 + 77?
7820058
In base 16, 